. Let w(z) = 8*z - 2. Let j be w(i). Suppose 15*n + j = 16*n. List the prime factors of n.
2, 7
Let a be (15 - 0)*(-15)/(-25). Suppose 7*s + 10 = a*s. What are the prime factors of s?
5
Let t be (-4)/((-1 - -7)*(-4)/12). Suppose 0 = -j - t*j + 594. What are the prime factors of j?
2, 3, 11
Let f(x) = -77*x**3 + 3*x**2 - x + 3. Let t(w) = -386*w**3 + 15*w**2 - 4*w + 16. Let k(m) = -11*f(m) + 2*t(m). What are the prime factors of k(1)?
2, 37
Suppose -248*v - 160 = -256*v. List the prime factors of v.
2, 5
Suppose -3*r - 6012 = -2*b - 2*b, -4*r = 6*b - 8984. List the prime factors of b.
2, 3, 5
Let k be (-3)/(-9) + 2/(-6). Suppose 3*l = v - k*v - 119, v + l = 119. What are the prime factors of v?
7, 17
Let z be (-2)/(-10) + 638/10. Let n(m) = -m**2 + 15*m + 18. Let x be n(16). Suppose 0*c + x*c = z. What are the prime factors of c?
2
Let n(w) = 20*w**3 - 4*w**2 + 5*w - 5. What are the prime factors of n(2)?
149
Let m(g) = 78*g**2 + g + 1. Suppose 0 = -r - 5 + 4. List the prime factors of m(r).
2, 3, 13
Let i(q) = 4*q**3 + 7*q**2 + 26*q - 5. What are the prime factors of i(8)?
2699
Let p(d) = -837*d**3 + 8*d**2 + 8*d + 1. List the prime factors of p(-1).
2, 419
Suppose 2*r + 3*r - 80 = 0. Let c(v) = -v**2 + 32*v + 54. What are the prime factors of c(r)?
2, 5, 31
Let d(m) = m**3 + 11*m**2 - 4*m - 14. Let f be d(-10). Suppose 4*u = 4*c - 132, 4*c - u - f = u. What are the prime factors of c?
2, 3, 5
Let m(w) = 41*w + 50. What are the prime factors of m(8)?
2, 3, 7
Let j(c) be the third derivative of -c**6/360 + c**5/8 - 7*c**4/12 - c**3 + 4*c**2. Let h(g) be the first derivative of j(g). List the prime factors of h(13).
2, 3
Suppose 5*n = 3*n + 8. Let p(x) = 8*x**2 - 4*x + 1. Let r be p(-3). Suppose w = -n*w + r. What are the prime factors of w?
17
Suppose 38*r + 128 = 42*r. What are the prime factors of r?
2
Suppose -2*i - q = -3*i + 6, 22 = 3*i - q. Suppose 5*t + 96 = i*t. What are the prime factors of t?
2
Let b = -14 + 46. List the prime factors of b/(-4)*(-22)/4.
2, 11
Let y(k) = k**3 - 3*k + 4. Let j be y(2). Suppose -2*c - 3*u - 102 = -j*u, -3*c + u - 146 = 0. Let h = c - -88. List the prime factors of h.
2, 5
Suppose 0 = -5*w + n + 242, 0*w = w - n - 46. Let x be -4 + 8 + 0 + -1. Suppose 16 - w = -x*k. List the prime factors of k.
11
Let c = -29 + 32. Suppose -h = m - 83, -m + c*m = 3*h + 141. What are the prime factors of m?
2, 3, 13
Suppose 17955 = 5*o - 3*y, -3*y - 7191 = 15*o - 17*o. List the prime factors of o.
2, 3, 13, 23
Let u = 17 - 15. Suppose 3*n - 6 = 0, -4*n + 1 - 287 = -u*x. List the prime factors of x.
3, 7
Let n(f) = 50*f**3 + 3*f**2 - 2*f. Let y be (-3)/(-18)*(4 + 2). List the prime factors of n(y).
3, 17
Suppose 0 = 28*v + 28959 - 112007. What are the prime factors of v?
2, 1483
Let y be 4/(16/12) - -1. Let i be (-10)/(-25) - y/10. Suppose -2*q + i*q + 12 = 0. What are the prime factors of q?
2, 3
Let y(i) = 55*i**2 + 5*i - 5. Let a = -49 + 50. List the prime factors of y(a).
5, 11
Suppose 4*a - 2*a = -3*u + 10, 5 = -3*u + a. Let o be u + 0/(-2) + 37. Suppose -o*r + 34*r + 144 = 0. What are the prime factors of r?
2, 3
Suppose 529 + 109 = 11*g. What are the prime factors of g?
2, 29
Let q = 27 + -31. Let b be q/20 - (-56)/(-20). List the prime factors of (82 + -13)*(-2)/b.
2, 23
What are the prime factors of (-4)/((-2766)/552 + 5)?
2, 23
Let t = -83 + 146. Let o = -10 + t. What are the prime factors of o?
53
Let y(f) = 11*f**2 + 17*f - 23. What are the prime factors of y(-6)?
271
Let j be 5 - 2 - (-3 - 0 - 2). Suppose 0 = j*i - 12*i + 488. List the prime factors of i.
2, 61
Let n = -289 - -589. List the prime factors of n.
2, 3, 5
Let r(k) = -312*k - 473. List the prime factors of r(-8).
7, 17
Let t = 646 - 517. What are the prime factors of t?
3, 43
Let n(i) = 741*i**3 - i**2 + 9*i - 8. What are the prime factors of n(1)?
3, 13, 19
Let c(b) = 11*b**2 - 7*b + 40. List the prime factors of c(4).
2, 47
Suppose -2*w + 4418 = 4*k, 3*k - 3185 = w + 126. What are the prime factors of k?
2, 3, 23
Suppose -5*i = -25, 5*u = 8*u - i - 1618. What are the prime factors of u?
541
Suppose 7*r = 7173 - 1349. What are the prime factors of r?
2, 13
Let i(f) = 6*f**3 - 2*f + 1. Let p be i(1). Suppose -3*v + 5*v = -3*x + 133, -4*x = p*v - 182. List the prime factors of x.
43
Suppose -5*q + 2*q - 3*b = -24, 3*q + 1 = 2*b. Suppose 0 = -2*g - q*g + 25. Suppose s = g*s - 92. What are the prime factors of s?
23
Let c be ((-28)/70)/((-2)/(-2750)). Let j = c - -802. List the prime factors of j.
2, 3, 7
Let d(n) = -55*n + 0 + 54*n + 1. Let h be d(-4). Suppose 0*q + 130 = h*q. List the prime factors of q.
2, 13
Let q(x) = 71*x**2 - 7*x + 60. What are the prime factors of q(5)?
2, 3, 5
Suppose 555 = -3*b + 18*b. List the prime factors of b.
37
Let s be (1 + 1)*18/36. Suppose 0*p + s = p. What are the prime factors of -1*(-33 + 2)*p?
31
Let q = 10 + -8. Suppose 0 = m + q*m + 1044. What are the prime factors of ((-2)/3)/(8/m)?
29
Let r(y) = 3 + y - 2*y + 2*y - 2*y. What are the prime factors of r(-4)?
7
Let c(z) = 2*z + 5*z + 2*z - 1. List the prime factors of c(4).
5, 7
Let j be (-4)/(492/122 + -4). Let d = -3 - j. What are the prime factors of d?
7, 17
Let o(f) = -f**2 + 7*f - 8. Let m be o(5). Suppose -294 = -3*c - 3*l, -c - 416 = -5*c + m*l. What are the prime factors of c?
2, 3, 17
Let v be ((-2)/(-1) + -22)*(-18)/(-4). Let a = v - -177. What are the prime factors of a?
3, 29
Suppose 4*f + 15 = -5*a, -5*f + 3*a = 2*a - 3. Suppose 4*l - 75 - 141 = f. What are the prime factors of l?
2, 3
Suppose -2874 = -s - 843. List the prime factors of s.
3, 677
Suppose u + 5 = 8. Suppose 0 = z - l - 36, l - u = 2*z - 74. What are the prime factors of z?
5, 7
Let z = -31 + 44. Let a = z + -6. What are the prime factors of 136/6 - a/(-21)?
23
Suppose 5*l + 3 = -y, 0*y = 2*y + 3*l - 1. List the prime factors of ((-1875)/(-6))/5 - y/4.
2, 31
Let p = -20 - -50. Let k = p + 3. What are the prime factors of k?
3, 11
Let a = 31 - 31. Suppose 3*d + a*o - 92 = 4*o, -o - 114 = -4*d. What are the prime factors of d?
2, 7
Let o be (-4)/6 + 364/6. Suppose 12*k - 232 = 8*k. Suppose 0 = -2*y - 4*m + o, -k = -3*y + m + m. What are the prime factors of y?
2, 11
Let q be (-5)/(-15)*(39 - 3). Let j(d) = 2*d + 7. List the prime factors of j(q).
31
Let p(w) = -w**3 - 6*w**2 + 3*w + 1. Let i(g) = 2*g + 6. Let v be i(-7). Let u be p(v). Let k = -75 + u. What are the prime factors of k?
2, 3, 5
Let z be (-51)/(-34)*(-8)/(-6). What are the prime factors of 0 + 206 - (z - -1)?
7, 29
Suppose 5*s - 117 = 5*d + 688, 2*d + 650 = 4*s. Suppose 5*b - b - s = 0. List the prime factors of b - (2 + 1 + -3).
41
Let v(y) = -5*y + 8. Let d be v(-6). Let r = -428 + 528. Let m = r - d. List the prime factors of m.
2, 31
Suppose l = -l - 6. Let w be (l/(-9))/((-6)/126). Let s(z) = 2*z**2 + 12*z + 11. What are the prime factors of s(w)?
5
Let s = 116 + -111. Suppose s*l + 6*m - 860 = m, -m = -2*l + 329. List the prime factors of l.
167
Let j(c) = c**3 + 8*c**2 + 12*c + 4. Let h be j(-6). Suppose 2*i - 144 = -h*i. What are the prime factors of i?
2, 3
Suppose -3*w + 22 = -5*w. What are the prime factors of (-15 - -6)/(1 - w/(-10))?
2, 3, 5
Let l(h) = -h**2 + 25*h + 7. Let a be l(24). Suppose 35*z = a*z + 412. What are the prime factors of z?
103
Suppose 0 = -2*o + 6*o. Let i be 8/(-20)*(55 - o). Let h = -16 - i. What are the prime factors of h?
2, 3
Let i(n) = -503*n - 43. List the prime factors of i(-6).
5, 7, 17
Suppose -r - 615 = -4*c, 0*c = 2*c + 3*r - 297. List the prime factors of c.
3, 17
Suppose -122*m + 95*m + 16173 = 0. List the prime factors of m.
599
Suppose 15*z = 18*z - 219. Suppose 0 = -3*h - h + 5*s + 277, -h = -5*s - z. List the prime factors of h.
2, 17
Let x(q) = 5 - 2*q + 5 - 2 + 5. List the prime factors of x(-16).
3, 5
Let k be 3 + -3 + (-238)/1. Let l(h) = -34*h**3 - 5*h**2 + 3*h - 2. Let c be l(3). What are the prime factors of 28/k + c/(-34)?
2, 7
Let g = -27 + 16. Let f(k) = k**3 + 7*k**2 - 12*k - 5. Let w be f(-8). Let r = g + w. List the prime factors of r.
2
Suppose 0*h - 2 = 2*h - 2*r, -4*h - 2 = -2*r. Let z = -267 - -279. Suppose m = -x + 2*m + 12, 3*x + 3*m - z = h. What are the prime factors of x?
2
Let z(k) = -k**3 + 6*k**2 + 3*k - 5. Let w be z(-4). Let g = w - 72. Su